of 691038?
3
What is the tens digit of 407069?
6
What is the millions digit of 6691720?
6
What is the units digit of 180432?
2
What is the tens digit of 17686095?
9
What is the hundred thousands digit of 274106?
2
What is the thousands digit of 878461?
8
What is the thousands digit of 4678196?
8
What is the units digit of 8793552?
2
What is the hundreds digit of 3180710?
7
What is the tens digit of 3463208?
0
What is the hundreds digit of 16272?
2
What is the thousands digit of 115148?
5
What is the hundreds digit of 273398?
3
What is the millions digit of 13126848?
3
What is the ten thousands digit of 32899?
3
What is the hundreds digit of 3169958?
9
What is the ten thousands digit of 35754?
3
What is the hundreds digit of 499282?
2
What is the tens digit of 232429?
2
What is the tens digit of 796955?
5
What is the units digit of 19053449?
9
What is the units digit of 368742?
2
What is the hundreds digit of 28485989?
9
What is the thousands digit of 330855?
0
What is the tens digit of 4938154?
5
What is the hundred thousands digit of 524726?
5
What is the tens digit of 7276474?
7
What is the tens digit of 563820?
2
What is the ten thousands digit of 1725292?
2
What is the hundred thousands digit of 1030765?
0
What is the hundreds digit of 52298?
2
What is the units digit of 1919850?
0
What is the thousands digit of 1336015?
6
What is the hundreds digit of 4910985?
9
What is the tens digit of 8500464?
6
What is the thousands digit of 56630?
6
What is the thousands digit of 545188?
5
What is the ten millions digit of 11531543?
1
What is the thousands digit of 16957546?
7
What is the ten thousands digit of 848160?
4
What is the units digit of 382557?
7
What is the units digit of 1555922?
2
What is the ten thousands digit of 5019516?
1
What is the ten thousands digit of 266405?
6
What is the thousands digit of 225019?
5
What is the hundred thousands digit of 1069826?
0
What is the hundreds digit of 7440172?
1
What is the hundreds digit of 644184?
1
What is the thousands digit of 939498?
9
What is the hundreds digit of 170918?
9
What is the hundred thousands digit of 394675?
3
What is the units digit of 51299?
9
What is the hundreds digit of 128195?
1
What is the thousands digit of 445376?
5
What is the tens digit of 2696313?
1
What is the units digit of 16689913?
3
What is the ten thousands digit of 1783383?
8
What is the tens digit of 98715?
1
What is the units digit of 149337?
7
What is the ten thousands digit of 2570803?
7
What is the units digit of 2640838?
8
What is the hundred thousands digit of 220660?
2
What is the units digit of 1110991?
1
What is the ten thousands digit of 242737?
4
What is the hundred thousands digit of 7038522?
0
What is the units digit of 12334278?
8
What is the ten thousands digit of 375689?
7
What is the units digit of 557779?
9
What is the tens digit of 82108?
0
What is the units digit of 3076622?
2
What is the hundreds digit of 504153?
1
What is the tens digit of 6001156?
5
What is the ten thousands digit of 3235073?
3
What is the hundreds digit of 401190?
1
What is the millions digit of 1449112?
1
What is the millions digit of 2035578?
2
What is the ten thousands digit of 152546?
5
What is the ten thousands digit of 30259273?
5
What is the hundreds digit of 625139?
1
What is the thousands digit of 83625?
3
What is the thousands digit of 3817632?
7
What is the units digit of 38955740?
0
What is the hundred thousands digit of 2431078?
4
What is the tens digit of 169945?
4
What is the ten thousands digit of 6343194?
4
What is the thousands digit of 506552?
6
What is the hundreds digit of 100797?
7
What is the tens digit of 4666093?
9
What is the hundreds digit of 2004099?
0
What is the units digit of 6458009?
9
What is the hundreds digit of 108?
1
What is the hundreds digit of 1742397?
3
What is the ten thousands digit of 153138?
5
What is the tens digit of 1942?
4
What is the tens digit of 18034583?
8
What is the tens digit of 53661?
6
What is the units digit of 3993496?
6
What is the hundred thousands digit of 290623?
2
What is the thousands digit of 4658016?
8
What is the thousands digit of 470426?
0
What is the hundred thousands digit of 800156?
8
What is the ten millions digit of 29404680?
2
What is the ten thousands digit of 2951096?
5
What is the millions digit of 2477545?
2
What is the hundreds digit of 15127601?
6
What is the hundreds digit of 3863223?
2
What is the units digit of 35006039?
9
What is the tens digit of 223468?
6
What is the hundreds digit of 1276673?
6
What is the ten thousands digit of 460047?
6
What is the ten thousands digit of 50001?
5
What is the millions digit of 4819379?
4
What is the units digit of 19026701?
1
What is the thousands digit of 10203333?
3
What is the tens digit of 17355655?
5
What is the ten thousands digit of 2048897?
4
What is the millions digit of 5658888?
5
What is the hundreds digit of 43383?
3
What is the hundreds digit of 169492?
4
What is the ten thousands digit of 4293899?
9
What is the hundreds digit of 1795127?
1
What is the units digit of 1635063?
3
What is the tens digit of 198564?
6
What is the units digit of 21269741?
1
What is the units digit of 595236?
6
What is the hundreds digit of 31280?
2
What is the millions digit of 7346350?
7
What is the ten thousands digit of 484396?
8
What is the hundreds digit of 406300?
3
What is the thousands digit of 11389180?
9
What is the ten thousands digit of 1119515?
1
What is the ten thousands digit of 6212621?
1
What is the hundreds digit of 17268397?
3
What is the hundred thousands digit of 8130843?
1
What is the ten thousands digit of 4810197?
1
What is the hundreds digit of 432181?
1
What is the tens digit of 4150088?
8
What is the hundreds digit of 12635916?
9
What is the tens digit of 4478092?
9
What is the tens digit of 711302?
0
What is the units digit of 155029?
9
What is the millions digit of 1010640?
1
What is the hundred thousands digit of 9061573?
0
What is the hundred thousands digit of 2152442?
1
What is the ten thousands digit of 18279349?
7
What is the tens digit of 1153208?
0
What is the tens digit of 6034751?
5
What is the ten thousands digit of 394170?
9
What is the hundred thousands digit of 471474?
4
What is the hundred thousands digit of 1993463?
9
What is the thousands digit of 224893?
4
What is the ten thousands digit of 15311?
1
What is the tens digit of 9578823?
2
What is the ten thousands digit of 1158611?
5
What is the hundreds digit of 190445?
4
What is the ten thousands digit of 38754034?
5
What is the hundreds digit of 3166277?
2
What is the hundred thousands digit of 794564?
7
What is the hundreds digit of 396087?
0
What is the ten thousands digit of 24307872?
0
What is the hundred thousands digit of 1849016?
8
What is the hundreds digit of 781893?
8
What is the ten thousands digit of 494898?
9
What is the ten thousands digit of 34111?
3
What is the hundreds digit of 3534814?
8
What is the tens digit of 1177139?
3
What is the thousands digit of 67057?
7
What is the tens digit of 9535838?
3
What is the hundred thousands digit of 947482?
9
What is the tens digit of 2189830?
3
What is the units digit of 4477?
7
What is the ten millions digit of 15910409?
1
What is the hundred thousands digit of 969956?
9
What is the hundreds digit of 783539?
5
What is the thousands digit of 445393?
5
What is the hundreds digit of 126764?
7
What is the hundreds digit of 4340555?
5
What is the tens digit of 350379?
7
What is the ten thousands digit of 121021?
2
What is the hundred thousands digit of 537414?
5
What is the thousands digit of 10919567?
9
What is the tens digit of 3244650?
5
What is the thousands digit of 4272249?
2
What is the thousands digit of 2085992?
5
What is the hundreds digit of 243048?
0
What is the ten thousands digit of 2152813?
5
What is the units digit of 78858?
8
What is the units digit of 1224013?
3
What is the millions digit of 4968309?
4
What is the hundreds digit of 17314592?
5
What is the units digit of 2872920?
0
What is the millions digit of 1505365?
1
What is the ten thousands digit of 1776734?
7
What is the ten thousands digit of 68619?
6
What is the hundreds digit of 5666893?
8
What is the millions digit of 1019289?
1
What is the hundreds digit of 2461958?
9
What i